e the prime factors of 2157?
3, 719
List the prime factors of 14553.
3, 7, 11
What are the prime factors of 20254?
2, 13, 19, 41
What are the prime factors of 111459?
3, 53, 701
List the prime factors of 1394.
2, 17, 41
List the prime factors of 4702.
2, 2351
What are the prime factors of 27315?
3, 5, 607
List the prime factors of 131.
131
List the prime factors of 18258.
2, 3, 17, 179
List the prime factors of 1046.
2, 523
List the prime factors of 3862.
2, 1931
List the prime factors of 4470.
2, 3, 5, 149
List the prime factors of 48838.
2, 24419
List the prime factors of 1890.
2, 3, 5, 7
What are the prime factors of 19500?
2, 3, 5, 13
List the prime factors of 5047.
7, 103
What are the prime factors of 3380?
2, 5, 13
What are the prime factors of 14817?
3, 11, 449
List the prime factors of 2753.
2753
What are the prime factors of 1109?
1109
List the prime factors of 12480.
2, 3, 5, 13
What are the prime factors of 4324?
2, 23, 47
List the prime factors of 1641.
3, 547
What are the prime factors of 20263?
23, 881
What are the prime factors of 1765?
5, 353
List the prime factors of 1574.
2, 787
List the prime factors of 60.
2, 3, 5
List the prime factors of 5774.
2, 2887
List the prime factors of 27612.
2, 3, 13, 59
What are the prime factors of 795?
3, 5, 53
List the prime factors of 917.
7, 131
List the prime factors of 96012.
2, 3, 7, 127
What are the prime factors of 22473?
3, 11, 227
What are the prime factors of 10901?
11, 991
What are the prime factors of 7918?
2, 37, 107
What are the prime factors of 58661?
58661
What are the prime factors of 72?
2, 3
List the prime factors of 4292.
2, 29, 37
List the prime factors of 988.
2, 13, 19
What are the prime factors of 257?
257
List the prime factors of 67121.
67121
What are the prime factors of 1689?
3, 563
What are the prime factors of 8828?
2, 2207
List the prime factors of 157346.
2, 7, 11239
List the prime factors of 1250.
2, 5
What are the prime factors of 14570?
2, 5, 31, 47
List the prime factors of 26332.
2, 29, 227
What are the prime factors of 74782?
2, 139, 269
What are the prime factors of 78150?
2, 3, 5, 521
What are the prime factors of 1819?
17, 107
What are the prime factors of 1535?
5, 307
List the prime factors of 2486.
2, 11, 113
What are the prime factors of 880?
2, 5, 11
List the prime factors of 1240.
2, 5, 31
What are the prime factors of 80891?
23, 3517
List the prime factors of 477.
3, 53
What are the prime factors of 13072?
2, 19, 43
What are the prime factors of 157?
157
List the prime factors of 26871.
3, 13, 53
What are the prime factors of 1407?
3, 7, 67
What are the prime factors of 15839?
47, 337
What are the prime factors of 204309?
3, 7, 23, 47
What are the prime factors of 3502?
2, 17, 103
List the prime factors of 20535.
3, 5, 37
What are the prime factors of 1289?
1289
List the prime factors of 255.
3, 5, 17
What are the prime factors of 64?
2
List the prime factors of 705.
3, 5, 47
List the prime factors of 9527.
7, 1361
List the prime factors of 3948.
2, 3, 7, 47
List the prime factors of 2087.
2087
What are the prime factors of 2512?
2, 157
What are the prime factors of 40253?
40253
What are the prime factors of 509?
509
List the prime factors of 6396.
2, 3, 13, 41
List the prime factors of 815.
5, 163
What are the prime factors of 121849?
7, 13, 103
What are the prime factors of 2268?
2, 3, 7
What are the prime factors of 23407?
89, 263
What are the prime factors of 4372?
2, 1093
What are the prime factors of 1312?
2, 41
What are the prime factors of 90245?
5, 18049
What are the prime factors of 206613?
3, 11, 2087
What are the prime factors of 31725?
3, 5, 47
What are the prime factors of 4474?
2, 2237
What are the prime factors of 2635?
5, 17, 31
What are the prime factors of 81239?
81239
What are the prime factors of 15434?
2, 7717
What are the prime factors of 12787?
19, 673
What are the prime factors of 28976?
2, 1811
What are the prime factors of 26295?
3, 5, 1753
List the prime factors of 855.
3, 5, 19
List the prime factors of 33750.
2, 3, 5
What are the prime factors of 111121?
111121
List the prime factors of 38736.
2, 3, 269
What are the prime factors of 5385?
3, 5, 359
List the prime factors of 1419.
3, 11, 43
What are the prime factors of 675?
3, 5
What are the prime factors of 486?
2, 3
What are the prime factors of 1440?
2, 3, 5
What are the prime factors of 1097?
1097
What are the prime factors of 3995?
5, 17, 47
List the prime factors of 3390.
2, 3, 5, 113
List the prime factors of 136098.
2, 3, 7561
List the prime factors of 17604.
2, 3, 163
List the prime factors of 6052.
2, 17, 89
What are the prime factors of 16809?
3, 13, 431
List the prime factors of 21955.
5, 4391
What are the prime factors of 10683?
3, 1187
List the prime factors of 7774.
2, 13, 23
List the prime factors of 29444.
2, 17, 433
List the prime factors of 1539.
3, 19
List the prime factors of 1579.
1579
What are the prime factors of 27723?
3, 9241
List the prime factors of 9676.
2, 41, 59
List the prime factors of 29879.
29879
List the prime factors of 40409.
17, 2377
List the prime factors of 12964.
2, 7, 463
What are the prime factors of 282?
2, 3, 47
List the prime factors of 773.
773
List the prime factors of 8711.
31, 281
What are the prime factors of 9946?
2, 4973
List the prime factors of 3460.
2, 5, 173
What are the prime factors of 21891?
3, 7297
What are the prime factors of 84422?
2, 13, 17, 191
What are the prime factors of 3548?
2, 887
List the prime factors of 28775.
5, 1151
List the prime factors of 1053.
3, 13
List the prime factors of 1333.
31, 43
List the prime factors of 63571.
151, 421
What are the prime factors of 35181?
3, 1303
List the prime factors of 10549.
7, 11, 137
What are the prime factors of 2514?
2, 3, 419
What are the prime factors of 438?
2, 3, 73
List the prime factors of 48696.
2, 3, 2029
What are the prime factors of 1519?
7, 31
List the prime factors of 422.
2, 211
What are the prime factors of 10809?
3, 1201
List the prime factors of 104529.
3, 34843
What are the prime factors of 6459?
3, 2153
What are the prime factors of 3303?
3, 367
What are the prime factors of 365?
5, 73
List the prime factors of 107526.
2, 3, 17921
What are the prime factors of 717?
3, 239
What are the prime factors of 77164?
2, 101, 191
What are the prime factors of 47051?
47051
List the prime factors of 14956.
2, 3739
List the prime factors of 93.
3, 31
What are the prime factors of 11287?
11287
List the prime factors of 5522.
2, 11, 251
List the prime factors of 56341.
103, 547
List the prime factors of 3172.
2, 13, 61
List the prime factors of 33631.
13, 199
What are the prime factors of 9328?
2, 11, 53
What are the prime factors of 1380?
2, 3, 5, 23
What are the prime factors of 4912?
2, 307
What are the prime factors of 1460?
2, 5, 73
List the prime factors of 51035.
5, 59, 173
What are the prime factors of 646?
2, 17, 19
List the prime factors of 57421.
7, 13, 631
List the prime factors of 18439.
18439
What are the prime factors of 1208?
2, 151
What are the prime factors of 2108?
2, 17, 31
What are the prime factors of 63204?
2, 3, 23, 229
What are the prime factors of 1737?
3, 193
List the prime factors of 4521.
3, 11, 137
What are the prime factors of 21739?
21739
What are the prime factors of 39535?
5, 7907
List the prime factors of 11503.
11503
List the prime factors of 35548.
2, 8887
List the prime factors of 23905.
5, 7, 683
What are the prime factors of 3951?
3, 439
List the prime factors of 42511.
7, 6073
List the prime factors of 1092.
2, 3, 7, 13
What are the prime factors of 5263?
19, 277
What are the prime factors of 35588?
2, 7, 31, 41
What are the prime factors of 10756?
2, 2689
What are the prime factors of 4546?
2, 2273
List the prime factors of 136183.
23, 31, 191
List the prime factors of 12468.
2, 3, 1039
What are the prime factors of 23556?
2, 3, 13, 151
List the prime factors of 74826.
2, 3, 4157
List the prime factors of 5742.
2, 3, 11, 29
What are the prime factors of 1277?
1277
What are the prime factors of 27027?
3, 7, 11, 13
List the prime factors of 1914.
2, 3, 11, 29
What are the prime factors of 313?
313
What are the prime factors of 50551?
50551
List the prime factors of 14453.
97, 149
What are the prime factor